133. Suppose 0*n - 3*n = -2*w - i, -3*n - 3*w = -10635. Is n composite?
False
Suppose -23*a + 2273565 + 4052654 = 0. Is a a composite number?
False
Let y(m) = -4*m**3 - 35*m**2 + 7*m - 13. Let s be y(-9). Is (s/(-30)*-381)/((-2)/(-4)) prime?
True
Let h(a) = a**3 - 47 + 1468*a - 13*a**2 - 1452*a + 0*a**3. Is h(14) composite?
False
Is 5/25*(-24 - -151319) prime?
True
Let n(b) = 22*b**2 - 38*b - 821. Is n(-39) prime?
True
Is -3 + (35826 - -1) + (-17 - -2 - -12) composite?
True
Is (-19143464)/(-120) - 2/(-15) prime?
False
Is 1606*317 + (-10 - 7) + 16 composite?
False
Let v be ((-4)/(-10))/(2/((-60)/(-3))). Suppose -3*k + 15183 = 5*s, v*s - 8098 = -k - 3037. Suppose 13*y - 3376 - k = 0. Is y a prime number?
False
Let x(b) be the second derivative of b**5/20 + 7*b**4/6 - 2*b**3/3 - 6*b**2 - 4*b + 4. Let l be 50/(-4) + (-1)/2. Is x(l) prime?
False
Let h = 431119 - 213150. Is h a prime number?
True
Let m = 240938 + 530843. Is m composite?
False
Suppose 10*h - 2*s - 164 = 14*h, 3*s + 207 = -5*h. Let b(f) = 3*f**2 + 98*f - 2. Is b(h) composite?
False
Let h = 329 - -635. Let i = 2190 - h. Is i a composite number?
True
Suppose 0 = -y + g + 47192, -20*y - 94369 = -22*y - 3*g. Is y composite?
False
Let h(x) be the first derivative of 169*x**2 - 69*x - 74. Is h(4) a prime number?
True
Suppose 2*k + 1310735 = 5*k - 4*z, -4*k + 1747647 = -5*z. Is k prime?
True
Let h = -176 + 180. Suppose 2*y + 86 = -5*u + 675, h*u - 1208 = -4*y. Is y a composite number?
False
Let w(u) = 30*u**2 - 61*u - 1179. Is w(62) composite?
False
Suppose 0 = x - 4*m - 1920, m = 3*x - 6*x + 5825. Let l = 4139 + x. Is l a prime number?
True
Let w(j) = -33*j**2 + 10*j - 9. Let u be (-20)/110 - (0 - 158/22). Let p be w(u). Is (3/3)/((-4)/p) a composite number?
False
Let u be (20/(-15) + 2)*(-8097)/(-2). Let l = u - 1356. Is l a prime number?
False
Let n = -137906 + 436887. Is n a composite number?
True
Let l(o) = 391*o**3 + 6*o**2 - 163*o + 35. Is l(11) a composite number?
True
Let h(b) = -b - 7. Suppose 0 = 3*p + 29 + 1. Let k be h(p). Suppose 3*i = -4*t + 1919, -8*t + k*t - 1287 = -2*i. Is i composite?
False
Let j be -2 - ((-4 - 1) + -2 + -1). Is 151/2*j/12*8 a prime number?
False
Let f(n) = -2191*n**3 - 5*n**2 - 6*n + 7. Let t be f(-2). Suppose 17*a - 66776 = -t. Is a a composite number?
False
Let m = -29 - -31. Suppose 4*o = -m*o - 36. Is (-3)/o + 2452/8 prime?
True
Suppose 164*m = -83*m + 27*m + 13292180. Is m a prime number?
False
Suppose 24 = 2*k - 2*o, 5*k - 38 + 8 = -o. Suppose 5*c - 5*y = 2745, 4*y = 8*c - k*c - 543. Is c a composite number?
True
Let k(j) = 166*j + 9177. Is k(112) prime?
False
Suppose -5*t + 139 = 4*p, -t + 4 = 3*p - 114. Suppose 19082 = -p*a + 55*a. Is a a composite number?
True
Suppose 0 = 5*y + 3*n - 145298, 6*y - 17*n = -20*n + 174357. Is y prime?
True
Suppose -10*i + 3474 = -13*i. Let p be (-2)/(-2) - i/3*17. Let o = p + -1518. Is o a composite number?
True
Suppose 2*p = 2*b - 20, -4 = -3*b - 4*p + 5. Suppose -6 + b = m. Is -2 - ((-1412)/3 + m/(-3)) a prime number?
False
Let p(a) = -a**3 - 10*a**2 - 6*a - 13. Let v be p(-10). Let i = v + -63. Let j(z) = z**2 + 4*z - 31. Is j(i) a composite number?
True
Let r(f) = -28 - 222*f + 2 - 79*f. Let s be r(-5). Suppose -58*c - s = -61*c. Is c prime?
False
Suppose 3663138 = 22*m - 9098491 + 3032063. Is m a composite number?
True
Is 589067/6 + 154/132 composite?
False
Suppose d - 4*f = 128975, -f = -5*d + 240856 + 404076. Is d a prime number?
True
Let l = -3861 + 4534. Is l prime?
True
Suppose -9*b - 60 = -87. Suppose 5*t - 6312 = -3*m, m - 3*m = b*t - 4207. Is m a composite number?
False
Suppose -578699 = -1073*v + 1062*v. Is v a composite number?
False
Let u(j) = 30*j**2 + 28*j + 2011. Is u(-39) a prime number?
True
Suppose 6*c = 2*c + 8. Let s be (-12212)/2*(1 - c). Suppose 0 = -7*b + s - 1689. Is b a prime number?
True
Let f(d) = -d**2 - 5*d + 3. Let n be f(-5). Suppose -n*o - o - 92 = 0. Is 2/6*257*(26 + o) prime?
True
Let r(u) = -30*u**3 - 14*u**2 - 9*u - 38. Is r(-11) composite?
True
Suppose -143392 = 8934*i - 8950*i. Is i a prime number?
False
Let p be 32/14 - (-16)/(-56) - 7173. Let r = p - -16302. Is r composite?
True
Suppose 10*m = 30*m - 220. Suppose m*b = 56607 + 42272. Is b a prime number?
False
Suppose -109*u + 2612023 = -61*u - 879929. Is u a composite number?
True
Let n(f) = -f + f**2 + 4*f - 1 + 5*f**3 - 2*f + 0*f**3. Let i be n(-1). Is (-5214)/i + -2 + 2 prime?
False
Is (9*(-1)/(-6))/(213/10793278) a prime number?
False
Let u be (4 + 2 - -4) + -2 + 1. Suppose 13*w = -17 - u. Is (-87)/w*102/9 composite?
True
Let f(i) = -99206*i - 1461. Is f(-2) a composite number?
True
Let k(m) = m**2 - 11*m + 39. Let g be k(5). Let a(y) = y**3 + 15*y**2 - 23*y + 16. Is a(g) composite?
False
Suppose -5*o + 981770 = -1883*f + 1880*f, -3*o + 589048 = f. Is o a prime number?
False
Let v(d) = -d**3 + 7*d**2 + 7*d - 7. Let a be v(8). Let m be ((a/(-9))/5)/((-6)/(-54)). Suppose m*h = -5*q + 22080, h = -q + 6462 + 896. Is h prime?
False
Suppose 17 - 6 = v + 3*x, 3*v + 4*x = 18. Let c be 2*((-1)/2 - 2). Is 2 + c + v - (-16 + -4) prime?
True
Let d(a) be the second derivative of 23*a**5/30 + 7*a**4/8 + 2*a**3 - 3*a**2 - 43*a. Let k(b) be the first derivative of d(b). Is k(-11) composite?
False
Suppose -14431 = -k + 38736. Is k prime?
False
Let k = 52857 - -23190. Is k composite?
True
Suppose 2*q + 38 = 3*m, -q - 1 = -0. Let t be (-2)/(-8) - 29691/m. Let b = -1323 - t. Is b composite?
False
Let h be 8834*(-10)/25*(-10)/8. Suppose 0 = 5*u - 9658 - h. Suppose 577 = j + 2*r, r = -5*j + u + 88. Is j a prime number?
False
Let m = 188064 - -408575. Is m prime?
False
Suppose 1092089 - 682139 = 44*g - 1390838. Is g a composite number?
False
Is 12/30 + (2079405/25 - (-16)/40) prime?
True
Suppose -9522 = 3*w - 2097. Let b = 6956 + w. Is b prime?
True
Suppose -2*s - 8 = 2*c - 6*c, 3*s - 3*c = -3. Suppose -k = 0, -5*o - 3*k + s*k = -30. Suppose -7*x + o*x = -79. Is x a composite number?
False
Let v(c) = c + 5. Let i be v(21). Let q = -15 - i. Let t = 86 - q. Is t a prime number?
True
Suppose 102*g - 62541288 = -114*g. Is g prime?
True
Suppose 4*f + 8 = -4*i, 0 = 5*f - 3*i + 6*i + 8. Suppose -4 + 16 = 4*z. Is 2018/12*(f + 3)*z a composite number?
False
Suppose 0 = 4*p - 4, -4*k = -k + p - 3268. Suppose -6199 = -4*h + 5*r, k = 2*h + 3*r - 2038. Let o = -677 + h. Is o a prime number?
False
Let z(m) = 68 - 25 + 7*m - 30 + 315*m**2. Is z(-2) composite?
False
Suppose -488651 = 818*z - 832*z + 1958451. Is z a prime number?
False
Suppose -3*f + 18 + 13 = a, a - 2*f = 16. Let p = a - -651. Is p composite?
False
Suppose -3*u - 38 = 3*a - 7*a, -4*u + 3*a - 39 = 0. Let c(k) = -9*k**3 - 17*k**2 + 19*k - 5. Is c(u) composite?
False
Suppose 9742*r + 948665 = 9747*r - 4*c, r = -c + 189733. Is r a prime number?
True
Let p = 76 - 60. Suppose -17*r + 86 = -p*r. Suppose -2*j + 30 + r = -4*v, v = -4*j + 232. Is j a prime number?
False
Let x(k) = 4*k - 2*k**2 - 2*k + k**2 - 15 + 7*k. Let b(i) = -i**3 + i**2 + 16*i - 10. Let l be b(4). Is x(l) a composite number?
False
Suppose -6*a + 50 = 3986. Let k = a - -11809. Is k a prime number?
False
Suppose 3*b - 4*x - 782 = x, 5*b + 2*x = 1324. Let v be ((-397)/5)/(11/(-55)). Let t = v - b. Is t a composite number?
True
Let c(g) = -3584*g + 587. Is c(-4) composite?
False
Suppose 45*h - 1404869 = 13264276. Is h a prime number?
False
Suppose 4*p - 244059 = 175873. Is p a prime number?
False
Suppose 2*b - 13*b + 3317483 = -181650. Is b prime?
True
Let u(a) = 42*a + 3 + 3 + 42*a**2 - 26*a**2 + 47*a**2 + 2. Is u(-13) a composite number?
True
Let m = -47 - -49. Suppose 5*j = 4*s - 2*s - 24, -4 = m*s + 2*j. Suppose 348 = s*o - 8. Is o a composite number?
True
Let q(v) = 49*v**3 + 4*v**2 + 2. Suppose -2*s = -3*l - 21, l = 3*s - 2*s - 7. Let f be (1 - 16/12)*(l + -2). Is q(f) a prime number?
True
Let y(j) = 5*j**3 + 34*j**2 + 91*j + 3. Let u(d) = -4*d**3 - 31*d**2 - 92*d - 3. Let w(m) = -4*u(m) - 3*y(m). Is w(-9) a composite number?
True
Suppose -86*j + 10*j - j = -3768611. Is j composite?
True
Let s(w) = 17263*w**2 + 28*w + 1. Is s(2) a prime number?
True
Let k = 52 + -50. Let m be (1 + -2)/(1/(-4)). Suppose m*o + k*r - 2586 = 0, 5*o + r - 3235 = -r. Is o a composite number?
True
Suppose -2*u + 11474 = y, 91*y = -2*u + 96*y + 